{"version":"1.0","provider_name":"Konur &iacute; sj&aacute;var&uacute;tvegi","provider_url":"https:\/\/www.kis.is","author_name":"admin42","author_url":"https:\/\/www.kis.is\/profile\/admin42\/","title":"A\u00f0alfundur KIS f\u00f6studaginn 29. september 2017 | Konur &iacute; sj&aacute;var&uacute;tvegi","type":"rich","width":600,"height":338,"html":"<blockquote class=\"wp-embedded-content\" data-secret=\"fKC8ODJsU5\"><a href=\"https:\/\/www.kis.is\/adalfundur-kvenna-i-sjavarutvegi-fostudaginn-29-september-2017\/\">A\u00f0alfundur KIS f\u00f6studaginn 29. september 2017<\/a><\/blockquote><iframe sandbox=\"allow-scripts\" security=\"restricted\" src=\"https:\/\/www.kis.is\/adalfundur-kvenna-i-sjavarutvegi-fostudaginn-29-september-2017\/embed\/#?secret=fKC8ODJsU5\" width=\"600\" height=\"338\" title=\"&#8220;A\u00f0alfundur KIS f\u00f6studaginn 29. september 2017&#8221; &#8212; Konur &iacute; sj&aacute;var&uacute;tvegi\" data-secret=\"fKC8ODJsU5\" frameborder=\"0\" marginwidth=\"0\" marginheight=\"0\" scrolling=\"no\" class=\"wp-embedded-content\"><\/iframe><script type=\"text\/javascript\">\n\/* <![CDATA[ *\/\n\/*! This file is auto-generated *\/\n!function(d,l){\"use strict\";l.querySelector&&d.addEventListener&&\"undefined\"!=typeof URL&&(d.wp=d.wp||{},d.wp.receiveEmbedMessage||(d.wp.receiveEmbedMessage=function(e){var t=e.data;if((t||t.secret||t.message||t.value)&&!\/[^a-zA-Z0-9]\/.test(t.secret)){for(var s,r,n,a=l.querySelectorAll('iframe[data-secret=\"'+t.secret+'\"]'),o=l.querySelectorAll('blockquote[data-secret=\"'+t.secret+'\"]'),c=new RegExp(\"^https?:$\",\"i\"),i=0;i<o.length;i++)o[i].style.display=\"none\";for(i=0;i<a.length;i++)s=a[i],e.source===s.contentWindow&&(s.removeAttribute(\"style\"),\"height\"===t.message?(1e3<(r=parseInt(t.value,10))?r=1e3:~~r<200&&(r=200),s.height=r):\"link\"===t.message&&(r=new URL(s.getAttribute(\"src\")),n=new URL(t.value),c.test(n.protocol))&&n.host===r.host&&l.activeElement===s&&(d.top.location.href=t.value))}},d.addEventListener(\"message\",d.wp.receiveEmbedMessage,!1),l.addEventListener(\"DOMContentLoaded\",function(){for(var e,t,s=l.querySelectorAll(\"iframe.wp-embedded-content\"),r=0;r<s.length;r++)(t=(e=s[r]).getAttribute(\"data-secret\"))||(t=Math.random().toString(36).substring(2,12),e.src+=\"#?secret=\"+t,e.setAttribute(\"data-secret\",t)),e.contentWindow.postMessage({message:\"ready\",secret:t},\"*\")},!1)))}(window,document);\n\/* ]]> *\/\n<\/script>\n","thumbnail_url":"https:\/\/www.kis.is\/wp-content\/uploads\/2017\/09\/A\u00f0alfundur2017.jpg","thumbnail_width":800,"thumbnail_height":534,"description":"A\u00f0alfundur Kvenna \u00ed sj\u00e1var\u00fatvegi ver\u00f0ur haldinn f\u00f6studaginn 29. september 2017 \u00e1 Bergsson \u00ed h\u00fasi sj\u00e1varklasans a\u00f0 Grandagar\u00f0i 16 og hefst hann kl. 16:00. Dagskr\u00e1: Kosning fundarstj\u00f3ra og fundarritara Sk\u00fdrsla stj\u00f3rnar l\u00f6g\u00f0 fram Reikningar lag\u00f0ir fram til sam\u00feykktar \u00c1kv\u00f6r\u00f0un f\u00e9lagsgjalds Kosning stj\u00f3rnar \u00d6nnur m\u00e1l"}

Aðalfundur KIS föstudaginn 29. september 2017 | Konur &iacute; sj&aacute;var&uacute;tvegi

<blockquote class="wp-embedded-content" data-secret="fKC8ODJsU5"><a href="https://www.kis.is/adalfundur-kvenna-i-sjavarutvegi-fostudaginn-29-september-2017/">Aðalfundur KIS föstudaginn 29. september 2017</a></blockquote><iframe sandbox="allow-scripts" security="restricted" src="https://www.kis.is/adalfundur-kvenna-i-sjavarutvegi-fostudaginn-29-september-2017/embed/#?secret=fKC8ODJsU5" width="600" height="338" title="&#8220;Aðalfundur KIS föstudaginn 29. september 2017&#8221; &#8212; Konur &iacute; sj&aacute;var&uacute;tvegi" data-secret="fKC8ODJsU5" frameborder="0" marginwidth="0" marginheight="0" scrolling="no" class="wp-embedded-content"></iframe><script type="text/javascript">
/* <![CDATA[ */
/*! This file is auto-generated */
!function(d,l){"use strict";l.querySelector&&d.addEventListener&&"undefined"!=typeof URL&&(d.wp=d.wp||{},d.wp.receiveEmbedMessage||(d.wp.receiveEmbedMessage=function(e){var t=e.data;if((t||t.secret||t.message||t.value)&&!/[^a-zA-Z0-9]/.test(t.secret)){for(var s,r,n,a=l.querySelectorAll('iframe[data-secret="'+t.secret+'"]'),o=l.querySelectorAll('blockquote[data-secret="'+t.secret+'"]'),c=new RegExp("^https?:$","i"),i=0;i<o.length;i++)o[i].style.display="none";for(i=0;i<a.length;i++)s=a[i],e.source===s.contentWindow&&(s.removeAttribute("style"),"height"===t.message?(1e3<(r=parseInt(t.value,10))?r=1e3:~~r<200&&(r=200),s.height=r):"link"===t.message&&(r=new URL(s.getAttribute("src")),n=new URL(t.value),c.test(n.protocol))&&n.host===r.host&&l.activeElement===s&&(d.top.location.href=t.value))}},d.addEventListener("message",d.wp.receiveEmbedMessage,!1),l.addEventListener("DOMContentLoaded",function(){for(var e,t,s=l.querySelectorAll("iframe.wp-embedded-content"),r=0;r<s.length;r++)(t=(e=s[r]).getAttribute("data-secret"))||(t=Math.random().toString(36).substring(2,12),e.src+="#?secret="+t,e.setAttribute("data-secret",t)),e.contentWindow.postMessage({message:"ready",secret:t},"*")},!1)))}(window,document);
/* ]]> */
</script>

https://www.kis.is/wp-content/uploads/2017/09/Aðalfundur2017.jpg

Aðalfundur Kvenna í sjávarútvegi verður haldinn föstudaginn 29. september 2017 á Bergsson í húsi sjávarklasans að Grandagarði 16 og hefst hann kl. 16:00. Dagskrá: Kosning fundarstjóra og fundarritara Skýrsla stjórnar lögð fram Reikningar lagðir fram til samþykktar Ákvörðun félagsgjalds Kosning stjórnar Önnur mál
